Dec 01 16:26:44.854 INFO testing gpace1/bo-tie against master#8940af3cea4a9a9deabcaf843b2f8cad9a83fc61 for beta-1.31-5
Dec 01 16:26:44.854 INFO running `"docker" "create" "-v" "/mnt/big/crater/work/local/target-dirs/beta-1.31-5/worker-0/master#8940af3cea4a9a9deabcaf843b2f8cad9a83fc61:/target:rw,Z" "-v" "/mnt/big/crater/work/local/test-source/worker-0/beta-1.31-5/master#8940af3cea4a9a9deabcaf843b2f8cad9a83fc61:/source:ro,Z" "-v" "/mnt/big/crater/work/local/cargo-home:/cargo-home:ro,Z" "-v" "/mnt/big/crater/work/local/rustup-home:/rustup-home:ro,Z" "-e" "USER_ID=1000" "-e" "SOURCE_DIR=/source" "-e" "USER_ID=1000" "-e" "CMD=cargo +8940af3cea4a9a9deabcaf843b2f8cad9a83fc61-alt build --frozen" "-e" "CARGO_TARGET_DIR=/target" "-e" "CARGO_INCREMENTAL=0" "-e" "RUST_BACKTRACE=full" "-e" "RUSTFLAGS=--cap-lints=warn" "-e" "CARGO_HOME=/cargo-home" "-e" "RUSTUP_HOME=/rustup-home" "-m" "1536M" "--network" "none" "crater"`
Dec 01 16:26:45.608 INFO [stdout] 03cde072ee29de76da501b87cba50ffe8119771ee1828726b139ba8f904fec9a
Dec 01 16:26:45.610 INFO running `"docker" "start" "-a" "03cde072ee29de76da501b87cba50ffe8119771ee1828726b139ba8f904fec9a"`
Dec 01 16:26:47.051 INFO [stderr] usermod: no changes
Dec 01 16:26:47.154 INFO [stderr]    Compiling nix v0.11.0
Dec 01 16:26:54.855 INFO [stderr]    Compiling bo-tie v0.1.0 (/source)
Dec 01 16:26:55.615 INFO [stderr] error[E0554]: #![feature] may not be used on the beta release channel
Dec 01 16:26:55.615 INFO [stderr]  --> src/lib.rs:1:1
Dec 01 16:26:55.615 INFO [stderr]   |
Dec 01 16:26:55.615 INFO [stderr] 1 | #![feature(test)]
Dec 01 16:26:55.615 INFO [stderr]   | ^^^^^^^^^^^^^^^^^
Dec 01 16:26:55.615 INFO [stderr] 
Dec 01 16:26:55.615 INFO [stderr] error[E0554]: #![feature] may not be used on the beta release channel
Dec 01 16:26:55.615 INFO [stderr]  --> src/lib.rs:2:1
Dec 01 16:26:55.615 INFO [stderr]   |
Dec 01 16:26:55.615 INFO [stderr] 2 | #![feature(futures_api)]
Dec 01 16:26:55.615 INFO [stderr]   | ^^^^^^^^^^^^^^^^^^^^^^^^
Dec 01 16:26:55.615 INFO [stderr] 
Dec 01 16:26:55.615 INFO [stderr] error[E0554]: #![feature] may not be used on the beta release channel
Dec 01 16:26:55.615 INFO [stderr]  --> src/lib.rs:3:1
Dec 01 16:26:55.615 INFO [stderr]   |
Dec 01 16:26:55.615 INFO [stderr] 3 | #![feature(pin)]
Dec 01 16:26:55.615 INFO [stderr]   | ^^^^^^^^^^^^^^^^
Dec 01 16:26:55.615 INFO [stderr] 
Dec 01 16:26:55.615 INFO [stderr] error[E0554]: #![feature] may not be used on the beta release channel
Dec 01 16:26:55.615 INFO [stderr]  --> src/lib.rs:4:1
Dec 01 16:26:55.615 INFO [stderr]   |
Dec 01 16:26:55.615 INFO [stderr] 4 | #![feature(arbitrary_self_types)]
Dec 01 16:26:55.615 INFO [stderr]   | ^^^^^^^^^^^^^^^^^^^^^^^^^^^^^^^^^
Dec 01 16:26:55.615 INFO [stderr] 
Dec 01 16:26:55.615 INFO [stderr] error[E0554]: #![feature] may not be used on the beta release channel
Dec 01 16:26:55.615 INFO [stderr]  --> src/lib.rs:5:1
Dec 01 16:26:55.615 INFO [stderr]   |
Dec 01 16:26:55.615 INFO [stderr] 5 | #![feature(async_await)]
Dec 01 16:26:55.615 INFO [stderr]   | ^^^^^^^^^^^^^^^^^^^^^^^^
Dec 01 16:26:55.615 INFO [stderr] 
Dec 01 16:26:55.615 INFO [stderr] error[E0554]: #![feature] may not be used on the beta release channel
Dec 01 16:26:55.615 INFO [stderr]  --> src/lib.rs:6:1
Dec 01 16:26:55.615 INFO [stderr]   |
Dec 01 16:26:55.615 INFO [stderr] 6 | #![feature(await_macro)]
Dec 01 16:26:55.615 INFO [stderr]   | ^^^^^^^^^^^^^^^^^^^^^^^^
Dec 01 16:26:55.615 INFO [stderr] 
Dec 01 16:26:55.615 INFO [stderr] error[E0554]: #![feature] may not be used on the beta release channel
Dec 01 16:26:55.615 INFO [stderr]  --> src/lib.rs:7:1
Dec 01 16:26:55.615 INFO [stderr]   |
Dec 01 16:26:55.615 INFO [stderr] 7 | #![feature(alloc)]
Dec 01 16:26:55.615 INFO [stderr]   | ^^^^^^^^^^^^^^^^^^
Dec 01 16:26:55.615 INFO [stderr] 
Dec 01 16:26:55.643 INFO [stderr] error: aborting due to 7 previous errors
Dec 01 16:26:55.643 INFO [stderr] 
Dec 01 16:26:55.643 INFO [stderr] For more information about this error, try `rustc --explain E0554`.
Dec 01 16:26:55.651 INFO [stderr] error: Could not compile `bo-tie`.
Dec 01 16:26:55.651 INFO [stderr] 
Dec 01 16:26:55.651 INFO [stderr] To learn more, run the command again with --verbose.
Dec 01 16:26:55.652 INFO [stderr] su: No module specific data is present
Dec 01 16:26:56.063 INFO running `"docker" "inspect" "03cde072ee29de76da501b87cba50ffe8119771ee1828726b139ba8f904fec9a"`
Dec 01 16:26:56.241 INFO running `"docker" "rm" "-f" "03cde072ee29de76da501b87cba50ffe8119771ee1828726b139ba8f904fec9a"`
Dec 01 16:26:56.370 INFO [stdout] 03cde072ee29de76da501b87cba50ffe8119771ee1828726b139ba8f904fec9a
